 tens digit of c?
1
Let t be (24/(-30))/(1/10). Let l = 25 + t. What is the tens digit of 2 - 2*l/(-2)?
1
Let k = -12 - -16. Suppose -5*b + 157 = k*q - 26, 0 = -2*q + 5*b + 69. What is the tens digit of q?
4
Suppose 108 = -2*z + 14*z. What is the units digit of z?
9
Let k = 17 - 10. Suppose -k - 17 = -2*f. What is the tens digit of f?
1
Suppose -2*x + 1 = -5. Suppose -q + 1 = -x*k + q, -8 = 4*k + 4*q. What is the units digit of 4*2*k/(-2)?
4
Let y(r) = -r**2 + 6*r - 5. Let a be y(4). Suppose g = -a*g. Suppose 2*l + 3*i - 7*i - 18 = g, 21 = 4*l - 3*i. What is the units digit of l?
3
Suppose -p - 3*f = -20, p - 24 = f - 3*f. Let q be 0 - (-2)/(2/2). Suppose q*o - 4 = -2*t - 2*o, 4*o = 4*t - p. What is the units digit of t?
6
Let h(q) = -q**2 - 7*q + 7. Let g be h(-8). What is the units digit of 1*(6 - 2) + g?
3
Let y = -102 + 124. Let h = -2 - -39. Let k = h - y. What is the units digit of k?
5
Suppose c + 10 = -0*l - 5*l, -3*c = -4*l - 8. Suppose a = -c*a + 4. What is the units digit of a?
4
What is the units digit of 4*((-30)/(-4) + 1)?
4
Let d(q) = -q - 1. Let o be 4/(-10) + 26/(-10). Let f be d(o). What is the units digit of (1 - 2)*(f + -7)?
5
Let i = 171 + -121. What is the units digit of i?
0
Suppose -4*a = -2 - 6. Suppose 6*v - 40 = a*v. What is the tens digit of v?
1
Let k(g) = g**2 + 4*g - 2. Let p be k(-8). Suppose -3 = s - p. What is the units digit of 6/s + (-79)/(-9)?
9
Let i(u) = -3*u + 13. What is the tens digit of i(-16)?
6
Let l be (-1 + -3)*1 + -2. Let p(k) = k**3 + 6*k**2 + 2. Let t be p(l). Suppose -x = -5, -t*h + 2*x - 3 = 5. What is the units digit of h?
1
Suppose -4*d = 4, 2*n + 0*d - 5 = d. What is the units digit of (n/2)/(-2)*-102?
1
Suppose -9 = -3*c + 9. What is the units digit of (7 - c)*(7 + 1)?
8
Let x = -8 - -15. Suppose -2*s = -4*s - 6. Let j = s + x. What is the units digit of j?
4
Let m = -5 + 10. Let h(j) = 4*j**2 - j. Let t be h(2). Suppose m*o + 4 = t. What is the units digit of o?
2
Suppose -2*n = m - 1 + 4, 2*n = -4*m + 12. Let o(p) = -p - 2. What is the units digit of o(n)?
2
Suppose -44 = -5*z - 4. Suppose -17 - z = -5*b. What is the units digit of b?
5
Let m = 1 + 4. Suppose -2*s - 32 = m*h, 0*s = 5*s - 5*h + 10. Let n(a) = -a**2 - 7*a + 5. What is the tens digit of n(s)?
1
Let k(s) = -s - 3. Suppose 6 = m - 2*m. What is the units digit of k(m)?
3
Suppose 5*z + 2*u = -u + 36, 4*z - 2*u = 42. What is the units digit of z?
9
Let h be -14 - 6*1/(-2). Let d = -5 - h. Suppose f - 34 = -3*u + u, -d = 3*f. What is the units digit of u?
8
Let b = -17 - -29. What is the units digit of (57/b - 3)*4?
7
Let n be (-2)/(-4)*-2 - -7. Let m(v) = v**2 - 5*v - 6. Let d be m(n). Let w(i) = -i**3 + i + 2. What is the units digit of w(d)?
2
Let t(h) = 15*h**3 - 7*h**2 - 15*h + 13. Let x(d) = -7*d**3 + 3*d**2 + 7*d - 6. Let a(o) = 6*t(o) + 13*x(o). What is the tens digit of a(-4)?
1
Suppose -2*y + 18 = 2*k, 2*y - 1 = -k + 13. Suppose -y*o + 6 = -2*o - 4*s, -4*o = 4*s - 8. What is the units digit of o?
2
What is the tens digit of 84/(-21)*454/(-8)?
2
Suppose -5*d + 144 = -2*d. Suppose -2*r + 3*r - d = 0. What is the tens digit of r?
4
Suppose 2*w + 52 = -2*k, -w - 3*w = k + 101. Let z = 40 + w. What is the tens digit of z?
1
Suppose -4*x - 35 = -5*h + 73, 0 = -5*h - x + 98. What is the units digit of h?
0
Let x = 3 - 3. Suppose x = 4*g - 2*m - 2, 2*g + 0*m + 14 = -2*m. What is the units digit of (-21)/g*4/6?
7
Let y = 158 + -94. What is the units digit of (10/8)/(4/y)?
0
Let m = 37 - 25. Suppose 3*j + 3*y = m, 4*y = 5*j - 91 + 26. Suppose 3*x + 5*a - 37 = 0, j*x - 4*x = -5*a + 45. What is the units digit of x?
4
Suppose -3*j + 2 = 4*k, 5 = -4*k - k. Suppose 3*g - 34 = -4*x, -3*g - 2*g + j*x = -74. What is the tens digit of g?
1
Suppose 4*j = -2*z - 0 + 34, -4*z = 2*j - 14. Let s(n) = n**3 - 8*n**2 - 7*n - 3. What is the tens digit of s(j)?
1
Let g(p) = -p**2 - 5*p + 2. Let x be g(-5). Suppose 0 = 3*d + 4*u - 101, 3*d + x*u - 187 = -2*d. Let a = d + -28. What is the units digit of a?
1
Let g = 33 - 70. What is the units digit of g/(-5) + (-2)/5?
7
Let h = -22 - -16. What is the units digit of (5 + h)/((-1)/6)?
6
Suppose 0 = 5*d + 3*q - 294, -4*d + 0*q = 2*q - 236. Suppose -2*g + d = -7*g. What is the units digit of (18/(-4))/(9/g)?
6
Suppose l - 4*l = -30. Suppose 5*b - 148 = -2*z - 4, -5*z + l = 0. What is the units digit of b?
8
Suppose -4*w + 12 = 4. What is the units digit of 28 + (-3 + w)*1?
7
Let g(d) = d**3 - 10*d**2 + 16*d + 1. What is the units digit of g(8)?
1
Let k = -48 + 70. What is the tens digit of k?
2
Let a = -219 - -357. Suppose f - a = 3*f. What is the units digit of 4/10 - f/15?
5
Let z(i) = i**3 + 9*i**2 - 12*i + 13. What is the units digit of z(-10)?
3
Let f(s) = -s - 1. Let k = -9 - -15. Let q be (20/6)/(k/(-9)). What is the units digit of f(q)?
4
Suppose -46 = -4*o + 82. What is the tens digit of o?
3
Suppose -1 = -x + 1. Suppose -3*s + 41 = -x*s - 3*h, -h = -2*s + 57. What is the units digit of s?
6
Let c(i) = 30*i + 12. What is the units digit of c(2)?
2
Suppose -3*n + 86 + 106 = 2*q, 3*n - 195 = -3*q. What is the units digit of n?
2
Suppose 2*z + z - 33 = 0. Suppose 0*k = 2*h - 3*k - z, -3*h = -4*k - 17. What is the units digit of h?
7
Let d(j) = -j**3 - 16*j**2 + 47*j + 36. What is the hundreds digit of d(-19)?
2
Suppose 40 = 3*z + 2*z. What is the units digit of z + (-4 + 3 - 2)?
5
Suppose 0*k = -3*k + 177. What is the tens digit of k?
5
Suppose 0 = -3*t - w + 421, -t - 3*t + w = -552. What is the tens digit of t?
3
Suppose 41 + 67 = 4*m. Let s be ((-18)/m)/(2/(-9)). Suppose -27 + 0 = -s*p. What is the units digit of p?
9
Let y(k) be the third derivative of k**6/120 - k**5/10 + 2*k**3/3 - k**2. Let t be y(6). What is the units digit of 13/t - (-2)/(-8)?
3
Suppose -2*t + 2*d = -34, 4*t - d - d - 74 = 0. Suppose -2*j + 19 = 2*m - 3, 0 = 5*m + t. What is the tens digit of j?
1
Let s be 5/2*(-12)/10. Let x = 4 + s. What is the units digit of x?
1
Let q = -13 - -16. Suppose p = 0, q*p - 42 = -3*b + 2*p. What is the units digit of b?
4
Suppose -2*m - 5 = -23. Suppose 2*a = 3 + m. Let z(l) = l**2 - 4*l - 6. What is the units digit of z(a)?
6
Suppose -5*i + 15 = 0, -3*i + 13 = 4*l - 4. Suppose 14 = r + 2*x, -5*r + 64 = 6*x - l*x. What is the tens digit of r?
1
Let l = 10 - 3. Suppose 0 = -2*o + o + l. What is the units digit of o?
7
Suppose 5*x - 1661 = 144. What is the units digit of x?
1
Suppose -2*j + 15 = 1. What is the units digit of j?
7
Suppose 0 = -n + 44 + 16. What is the tens digit of n?
6
Let k(t) = -t**3 + 4*t**2 + t - 2. Let b be k(4). Suppose 5*s - b*h - 10 = -0*s, 4 = 2*s + 3*h. What is the units digit of 8 - (-3 + s + 2)?
7
Suppose 2*o + 396 = 3*q + 149, o - 89 = -q. Suppose -3*p + q = 2*p. What is the tens digit of p?
1
Let w = 20 - 32. What is the units digit of (52/w)/((-4)/12)?
3
Let o = 43 - 14. What is the tens digit of o?
2
Suppose -165 + 921 = 6*f. What is the units digit of f?
6
Suppose -4*g + 78 - 14 = 0. What is the tens digit of g?
1
Let l(i) = i**3 - 3*i**2 + 3*i. Let f = 7 - 5. What is the units digit of l(f)?
2
Let j = -8 + 11. Suppose j*k - l - 20 = k, -28 = -4*k + 5*l. What is the units digit of k?
2
Let v(p) = -21*p + 8. What is the hundreds digit of v(-5)?
1
Let d = 19 - 25. Let v(a) be the first derivative of a**3/3 + 7*a**2/2 + 9*a - 1. What is the units digit of v(d)?
3
Let k(u) = -u**3 + 2*u**2 + 2*u - 2. Let a be k(2). Let b = 8 - a. Suppose x = 3*x - b. What is the units digit of x?
3
Let z = 41 + -20. Let s = -13 + z. What is the units digit of s?
8
Let t = 10 - 2. What is the units digit of t?
8
Let r = -2 - -3. Suppose -m = 3*s - r, m = 5*s - 4*m - 35. Suppose -3*d = s - 8. What is the units digit of d?
2
Let f = -329 + 591. What is the hundreds digit of f?
2
Suppose 0*d - 63 = -3*d. What is the units digit of d?
1
Suppose 4*z + 3 = 3*g - 1, z = 3*g - 10. What is the units digit of (z + -1)/((-4)/(-4))?
1
Let i = -5 - -1. What is the units digit of (-35)/(-20)*i/(-1)?
7
Suppose 2*q - 21 = -5*i + 11, -3*i = -q - 28. Suppose 3*p + 170 = i*p. What is the tens digit of p?
3
Let b = 1 + 3. Suppose 8*k = b*k. Let g = 3 - k. What is the units digit of g?
3
Let z(q) = 13*q**2 + 13*q + 18. What is the units digit of z(-5)?
8
Let a(h) = 2*h**3 - 6*h**2 + 3. What is t